hird derivative of -s**6/120 - 7*s**5/60 + 7*s**3/6 - 338*s**2. Calculate m(-6).
-29
Let n(q) = 2 - 3*q - 6 - q**2 + 6 + 3. Determine n(2).
-5
Let g(a) = -2*a + 2*a - 6*a + 4 + 6*a**2 + 5*a**3 + 2 - 4*a**3. Determine g(-6).
42
Let v be (-5 + 5)*(1/(-2))/1. Let n(y) be the third derivative of 3/2*y**3 + 0*y**4 + 1/120*y**6 - 1/60*y**5 + 0 + 0*y - y**2. Determine n(v).
9
Let s = -5 - -9. Suppose 5*y + s = 2*z, 2*y - 5*y = -5*z + 10. Let x(n) = n**z - 8*n + 4*n + 7 - 2*n. What is x(5)?
2
Let d(z) = -2*z + 5. Let i be (-13)/(-26) - 7/(-2). Suppose -2*u - i = 8. Determine d(u).
17
Let g(d) be the second derivative of -d**4/6 - 4*d**3/3 - 3*d**2/2 - 7*d - 9. Calculate g(-4).
-3
Let j(o) be the first derivative of -o**4/4 + 5*o**3/3 - 7*o - 2. Let b = -186 - -191. Give j(b).
-7
Let o = -1796 - -1800. Let i(b) be the third derivative of b**4/8 - b**3 + b**2. Calculate i(o).
6
Let o(r) = 11*r. Suppose 4*k = k - 18. Let g(l) = 18*l + 89*l + 13*l. Let w(m) = k*g(m) + 65*o(m). What is w(1)?
-5
Suppose 40 = -0*i + 2*i. Suppose -i = -3*c - c. Let p(a) = -4*a**2 + 12*a - 6. Let n(q) = 9*q**2 - 26*q + 13. Let y(b) = 3*n(b) + 7*p(b). What is y(c)?
2
Suppose -12 = -5*t + 2*g, -2*t - 3*g = g. Let c(n) = -n - 1. Let p(y) = 5*y - 5. Let v(k) = t*c(k) + p(k). What is v(5)?
8
Let y(m) = 8*m**2 + 1. Let i(d) = d + 2. Suppose 3*b = 4*b + 20. Let z = -21 - b. Let x be i(z). What is y(x)?
9
Let b be 14/(-4)*8/(-7). Suppose 3*s = -5*z, b*s + 4*z - 5 = 3. Let i(r) = -2*r + 5. Give i(s).
-5
Let w(n) = -3*n - 4. Let p be (5/7)/(3/21). Suppose -3*g = z + 15, -15 + 40 = -p*g + 3*z. Determine w(g).
11
Let x = 120 - 114. Let m(y) be the third derivative of 1/120*y**x - 1/24*y**4 + 0*y**3 - 5*y**2 + 0*y + 0 + 1/60*y**5. Determine m(1).
1
Let z be 16/10*200/5. Suppose -2*a + 2*r = z, -144 = 5*a + r - 2*r. Let x = 25 + a. Let j(q) = -q**3 - 4*q**2 - q. Calculate j(x).
-6
Let k(q) = -2*q**3 + 8*q**2 + 13*q + 8. Let o(b) = -b**3 + 5*b**2 + 7*b + 5. Let m(x) = -4*k(x) + 7*o(x). Let r be 4/(-14) - (-52)/(-14). Give m(r).
-1
Let u(i) be the second derivative of -i**5/20 - i**4/4 - i**3/6 - i**2/2 - 7*i. Suppose -l + 3 = 6. Determine u(l).
2
Let c(p) = -p**2. Let h(x) = x**2 - 23*x + 16. Let q be h(23). Suppose -21*n + q = -47. Calculate c(n).
-9
Let n(f) = -509*f + 0 - 2 + 502*f. Determine n(2).
-16
Let l(v) = 31*v - 1. Let h be (0 + (-7 - -8))/(1/1). What is l(h)?
30
Let k(t) be the first derivative of -11*t**4/2 + t**3/3 - 3*t**2/2 + 4*t - 7. Let p(j) = -j + 1. Let o(q) = k(q) - 4*p(q). Determine o(-1).
22
Let n(o) be the second derivative of 5*o**4/24 - o**3/2 - 2*o**2 - 3*o. Let g(b) be the first derivative of n(b). Suppose -2*v + 8 = -0. Calculate g(v).
17
Let j(o) be the first derivative of -5*o**2 - 2*o - 147. What is j(-1)?
8
Suppose 520 - 104 = -104*z. Let g(q) = 2*q - 10. Give g(z).
-18
Let g(p) = -p**2 - 2. Let a(h) = -h**3 + 9*h - 12 + 14*h**2 - 8*h - 24*h. Let z be a(12). What is g(z)?
-2
Let z(t) be the third derivative of t**7/840 + t**6/120 + t**5/60 + t**4/4 + 5*t**3/3 + 7*t**2. Let k(p) be the first derivative of z(p). Calculate k(-4).
-18
Let n be (-3)/6 + (-11)/(-14)*7. Let k(c) = -c**3 + 5*c**2 - 6. Calculate k(n).
-6
Let j(n) be the first derivative of n**2/2 - 154. Let o be 4*((-20)/(-16))/1. Determine j(o).
5
Suppose l + 0*l - 7 = 0. Suppose -l*v + 4*v = 0. Let c(h) = -3*h - 4 - h + v*h + h**2. Give c(4).
-4
Suppose -9*c - 7 = -34. Let r(h) = -5 - c - h + h - h**3. Calculate r(0).
-8
Let o(n) be the third derivative of n**6/120 - 7*n**5/60 + n**4/4 + 4*n**3/3 + 8*n**2. Let b = 7 + -6. Let z be (-3 + 11)/b - 2. Calculate o(z).
8
Let q(t) be the first derivative of 6 - 5/12*t**4 - t**2 + 5/6*t**3 - 9*t + 1/20*t**5. Let w(x) be the first derivative of q(x). Determine w(3).
-5
Let u(j) be the second derivative of -j**5/20 - 7*j**4/12 - 5*j**3/6 + 5*j**2/2 - 3*j. Suppose 2*k = k - 9. Let c(w) = w + 3. Let g be c(k). Give u(g).
-1
Let d(i) = -3*i + 8. Suppose 0 = c - 0*c - 2. Suppose c*x - 17 = -2*r + 3*x, 4*r = -2*x + 14. Suppose -3*u + 12 = -r. Determine d(u).
-10
Let m(a) = -a - 7. Suppose 0 = -w - 6*u + 2*u + 10, 0 = 4*w + 4*u - 40. Let p be 10*(-3 + w/4). Determine m(p).
-2
Let n(p) = 3 - 1 - 3 - 9*p. Suppose -6*h - 16 = -2*h. Let j(l) = -10*l - 1. Let z(f) = h*j(f) + 5*n(f). Determine z(-1).
4
Suppose -3*h = -o + 5*o - 113, 2*h = 5*o - 170. Let y = -38 + o. Let t(f) = -f**2 - 4*f + 8. Calculate t(y).
-4
Suppose -7*z + 108 - 80 = 0. Let g(r) = r**3 - 7*r**2 + 7*r + 5. Calculate g(z).
-15
Let c(j) = 3*j**2 + 4*j - 3. Suppose -5*h - 4*u = 23 - 7, 5*h + 17 = -3*u. Give c(h).
29
Suppose 80 = -2*m + 10*m. Let h(j) = 0*j + m*j - 4*j + 0*j. Suppose d + 7 = -0*r + 5*r, 0 = 2*r + 2*d + 2. Calculate h(r).
6
Suppose -2*l + 24 = l. Let j(k) be the third derivative of -k**4/24 + 5*k**3/6 - 220*k**2 - 2. What is j(l)?
-3
Suppose 5*g + 4*i = 12, 5*g - 4*g - 6 = -2*i. Let y(z) = -2 + 0*z**2 + 5 + 2*z + g*z + 3*z**2. Suppose 0 = 4*k + 16, -k = -5*u - 2*k - 14. Give y(u).
11
Let h be 402/58 + 22/319. Let k(u) = -u**2 + 6*u + 3. Give k(h).
-4
Let g(q) = q**2 + 4*q - 7. Let y be g(-5). Let f(a) = a + 2. Let n be f(5). Let k(d) = -n*d - 2*d**3 + 7*d - 2*d**2 - 1 + d. Calculate k(y).
5
Let u(t) = -t**3 - 2*t**2 - 5*t - 4. Let k(d) = -d**3 - d**2 - 4*d - 4. Let z(a) = 6*k(a) - 5*u(a). Let v(h) = h**2 - 23*h + 46. Let b be v(21). What is z(b)?
0
Suppose -9 = -5*p + 1. Let n be (-1 + p + 0)*2. Let w(l) = l - 8. Let t(c) = -3. Let j(d) = 11*t(d) - 4*w(d). Give j(n).
-9
Let c(p) = -p**2 + 9*p + 2. Suppose -3 = -n + t, -5 = -2*n + 2*t - t. Suppose 3*g - 16 = -n*x, 2*x - g = x + 3. Determine c(x).
22
Let v(r) = -2*r**2 + r + 4. Let y(a) = -9*a**2 + 5*a + 25. Let j(x) = 5*v(x) - y(x). Determine j(0).
-5
Let w(u) be the second derivative of -u**4/3 - u**3/6 - u**2/2 - u. Suppose -4*d = -2*d - 8. Let j be 2/(d + (-2 - 4)). What is w(j)?
-4
Let r(k) = 36*k + 20. Let g(n) = -23*n - 13. Let s(d) = -8*g(d) - 5*r(d). Give s(-2).
-4
Suppose 8*c = 2*c + 24. Let s(a) = -a**3 + 2*a**2 + 3*a + 3. What is s(c)?
-17
Let d be (4 + -4)/(2 - 1) + 1. Suppose -6*t + 5*l = -8*t - 5, l = d. Let b(x) be the second derivative of -x**5/20 - 5*x**4/12 - x**3/3 + 2*x. Give b(t).
10
Let x(h) = 11*h**2 + h - 7. Let a(o) = -5*o**2 - o + 3. Let z(b) = 9*a(b) + 4*x(b). Calculate z(-3).
5
Let t(u) be the third derivative of -u**6/120 + u**5/6 - u**4/3 - 11*u**3/6 - 61*u**2. Let a = -6 + 15. Calculate t(a).
-2
Let i(r) = -r - 42. Let b be i(-41). Let z(v) = -8*v**2 - 2*v - 2. Calculate z(b).
-8
Suppose 8*y - 24 - 8 = 0. Suppose y*z + 16 = -5*m + z, -3*m - 3*z - 12 = 0. Let d(k) = k**2 + 5*k + 2. Determine d(m).
-4
Suppose 0 = -7*w + 3*w + 44. Let f(k) = -3*k + 11. Determine f(w).
-22
Suppose 0*m + 3*m - 15 = -5*k, -k + 3 = m. Suppose -4*j - 10 = 10, 0 = -k*a - 2*j - 10. Let f(r) = 20 + a*r - r**2 - 7*r - 15. Determine f(-7).
5
Suppose 3*i = -0*i. Suppose 2*x + 1 = -5*p, -x + 1 = 6*p - 2*p. Let d(g) = g**2 + 4*g - 2. Let y(f) = f + 1. Let z(k) = p*d(k) - 5*y(k). Calculate z(i).
-7
Let t(o) = -7*o - 13. Let a(g) = -20*g - 38. Suppose -74 - 11 = 5*n - z, -3*n + 3*z - 51 = 0. Let u(r) = n*t(r) + 6*a(r). Determine u(5).
-12
Suppose 3*c - 6*c + 24 = 0. Let d(s) = -s + 6. What is d(c)?
-2
Let k be 6*(2/(-4))/(-1). Let c(l) = 3*l**3 + k*l**3 + 2*l**2 + 3*l - 7*l**3 - 3. Let h be c(3). Let z(q) = q + 3. Give z(h).
0
Suppose 2*b + 6 = -2*a, -2*a = -8*b + 3*b - 36. Let m(y) = 4*y + 13. What is m(b)?
-11
Let c(j) = -j**3 - 27*j**2 + 27*j - 25. Let g be ((-14)/8)/(1/16). Calculate c(g).
3
Let d(v) = 18*v + v**2 + 8 - 7*v - 5*v - 13*v + 0*v. Calculate d(6).
2
Suppose -55 + 53 = -n. Let d(w) = 10*w - 10*w**n - w**2 + 10 + 9*w**2 - 4*w**2 - w**3. Calculate d(-7).
-11
Suppose 21 = w - 11. Let r = -31 + w. Let y(q) be the third derivative of 3*q**6/40 + q**5/30 - q**4/12 + q**3/6 + q**2. Calculate y(r).
10
Let m be (-4)/6 + (-16)/3. Let u be ((-4)/m)/((-12)/(-54)). Let c(j) = -u + 0 - 3*j + 4 + j. Give c(-3).
7
Let n(c) = -c + 7. Let s(w) = w**2 + 4*w - 7. Let d be s(-6). Suppose -22 = -2*q - d*g + 7, 0 = -4*q - g + 31. Determine n(q).
0
Let h(p) = p**2 - 25*p + 151. Let u be h(12). Let i(b) = -2*b**2 - 2*b**2 - 8*b + 3*b**2 - 7. Calculate i(u).
8
Let d(c) = -c**3 + 4*c**2 + 3*c + 6. Suppose -10*b - 127 - 503 = 0. Let f = 68 + b. Give d(